{"id":118,"date":"2012-02-25T00:11:02","date_gmt":"2012-02-24T23:11:02","guid":{"rendered":"http:\/\/afk-lembach.at\/neustift\/?page_id=118"},"modified":"2012-04-18T23:02:21","modified_gmt":"2012-04-18T21:02:21","slug":"kdof","status":"publish","type":"page","link":"https:\/\/afk-lembach.at\/neustift\/organisation\/fahrzeuge\/kdof\/","title":{"rendered":"KDOF"},"content":{"rendered":"<p>Kommandofahrzeug<a href=\"https:\/\/afk-lembach.at\/neustift\/files\/2012\/02\/KDOF.jpg\"><img loading=\"lazy\" decoding=\"async\" class=\"size-medium wp-image-119 alignright\" src=\"https:\/\/afk-lembach.at\/neustift\/files\/2012\/02\/KDOF-300x225.jpg\" alt=\"\" width=\"300\" height=\"225\" srcset=\"https:\/\/afk-lembach.at\/neustift\/files\/2012\/02\/KDOF-300x225.jpg 300w, https:\/\/afk-lembach.at\/neustift\/files\/2012\/02\/KDOF.jpg 1024w\" sizes=\"(max-width: 300px) 100vw, 300px\" \/><\/a><\/p>\n<p>Ford Transit TDCI<br \/>\n140PS, BJ 2008<\/p>\n<p>Besatzung 1:8<br \/>\nFunkrufname: Kommando Neustift<br \/>\nAufgrund immer steigender und umfangreicheren Eins\u00e4tzen, entschied sich das Kommando der FF Neustift zum Ankauf eines Kommandofahrzeuges beim \u00f6rtlichen Autoh\u00e4ndler.<\/p>\n<p>Das KDOF, ein Ford Transit TDCI mit Hochdach, wurde von der FF selbst finanziert und auch selbst aufgebaut.<\/p>\n<p>Cirka 200 Arbeitsstunden wurden daf\u00fcr aufgewendet, um aus einem Serienfahrzeug ein einsatztaugliches Kommandofahrzeug zu machen. Blaulichter, Folgetonhorn, Funkger\u00e4te, Einsatzleittisch und vieles mehr, musste eingebaut werden.<\/p>\n<p>Zur Ausstattung im KDOF z\u00e4hlen nun Klima, Standheizung, Funk, Lautsprecheranlage, Lichtbalken, Blitzleuchte f\u00fcr Einsatzleitung und AS- Sammelstelle (rot und gr\u00fcn), Tisch f\u00fcr Einsatzleitung ,mit extra Funkger\u00e4t im Fond, Wechselrichter (12V auf 230V), externe Stromversorgung, integriertes Autobatterieladeger\u00e4t uvm.\u00a0<\/p>\n\n\t\t\t<div id='118-1' class='gallery gallery-118 gallery-columns-3 gallery-size-thumbnail' itemscope itemtype='http:\/\/schema.org\/ImageGallery'>\n\t\t\t\t<div class='gallery-row gallery-col-3 gallery-clear'>\n\t\t\t\t\t<figure class='gallery-item col-3' itemprop='associatedMedia' itemscope itemtype='http:\/\/schema.org\/ImageObject'>\n\t\t\t\t\t\t<div class='gallery-icon landscape'><a href='https:\/\/afk-lembach.at\/neustift\/files\/2012\/02\/KDOF.jpg' itemprop=\"contentURL\"><img loading=\"lazy\" decoding=\"async\" width=\"150\" height=\"150\" src=\"https:\/\/afk-lembach.at\/neustift\/files\/2012\/02\/KDOF-150x150.jpg\" class=\"attachment-thumbnail size-thumbnail\" alt=\"\" itemprop=\"thumbnail\" \/><\/a><\/div>\n\t\t\t\t\t<\/figure>\n\t\t\t\t\t<figure class='gallery-item col-3' itemprop='associatedMedia' itemscope itemtype='http:\/\/schema.org\/ImageObject'>\n\t\t\t\t\t\t<div class='gallery-icon landscape'><a href='https:\/\/afk-lembach.at\/neustift\/files\/2012\/02\/KLFKDOF-30.jpg' itemprop=\"contentURL\"><img loading=\"lazy\" decoding=\"async\" width=\"150\" height=\"150\" src=\"https:\/\/afk-lembach.at\/neustift\/files\/2012\/02\/KLFKDOF-30-150x150.jpg\" class=\"attachment-thumbnail size-thumbnail\" alt=\"\" itemprop=\"thumbnail\" \/><\/a><\/div>\n\t\t\t\t\t<\/figure>\n\t\t\t\t\t<figure class='gallery-item col-3' itemprop='associatedMedia' itemscope itemtype='http:\/\/schema.org\/ImageObject'>\n\t\t\t\t\t\t<div class='gallery-icon landscape'><a href='https:\/\/afk-lembach.at\/neustift\/files\/2012\/02\/KLFKDOF-34.jpg' itemprop=\"contentURL\"><img loading=\"lazy\" decoding=\"async\" width=\"150\" height=\"150\" src=\"https:\/\/afk-lembach.at\/neustift\/files\/2012\/02\/KLFKDOF-34-150x150.jpg\" class=\"attachment-thumbnail size-thumbnail\" alt=\"\" itemprop=\"thumbnail\" \/><\/a><\/div>\n\t\t\t\t\t<\/figure>\n\t\t\t\t<\/div>\n\t\t\t\t<div class='gallery-row gallery-col-3 gallery-clear'>\n\t\t\t\t\t<figure class='gallery-item col-3' itemprop='associatedMedia' itemscope itemtype='http:\/\/schema.org\/ImageObject'>\n\t\t\t\t\t\t<div class='gallery-icon landscape'><a href='https:\/\/afk-lembach.at\/neustift\/files\/2012\/02\/KLFKDOF-35.jpg' itemprop=\"contentURL\"><img loading=\"lazy\" decoding=\"async\" width=\"150\" height=\"150\" src=\"https:\/\/afk-lembach.at\/neustift\/files\/2012\/02\/KLFKDOF-35-150x150.jpg\" class=\"attachment-thumbnail size-thumbnail\" alt=\"\" itemprop=\"thumbnail\" \/><\/a><\/div>\n\t\t\t\t\t<\/figure>\n\t\t\t\t\t<figure class='gallery-item col-3' itemprop='associatedMedia' itemscope itemtype='http:\/\/schema.org\/ImageObject'>\n\t\t\t\t\t\t<div class='gallery-icon landscape'><a href='https:\/\/afk-lembach.at\/neustift\/files\/2012\/02\/Umbau-KDOF-1.jpg' itemprop=\"contentURL\"><img loading=\"lazy\" decoding=\"async\" width=\"150\" height=\"150\" src=\"https:\/\/afk-lembach.at\/neustift\/files\/2012\/02\/Umbau-KDOF-1-150x150.jpg\" class=\"attachment-thumbnail size-thumbnail\" alt=\"\" itemprop=\"thumbnail\" \/><\/a><\/div>\n\t\t\t\t\t<\/figure>\n\t\t\t\t\t<figure class='gallery-item col-3' itemprop='associatedMedia' itemscope itemtype='http:\/\/schema.org\/ImageObject'>\n\t\t\t\t\t\t<div class='gallery-icon landscape'><a href='https:\/\/afk-lembach.at\/neustift\/files\/2012\/02\/Umbau-KDOF-2.jpg' itemprop=\"contentURL\"><img loading=\"lazy\" decoding=\"async\" width=\"150\" height=\"150\" src=\"https:\/\/afk-lembach.at\/neustift\/files\/2012\/02\/Umbau-KDOF-2-150x150.jpg\" class=\"attachment-thumbnail size-thumbnail\" alt=\"\" itemprop=\"thumbnail\" \/><\/a><\/div>\n\t\t\t\t\t<\/figure>\n\t\t\t\t<\/div>\n\t\t\t\t<div class='gallery-row gallery-col-3 gallery-clear'>\n\t\t\t\t\t<figure class='gallery-item col-3' itemprop='associatedMedia' itemscope itemtype='http:\/\/schema.org\/ImageObject'>\n\t\t\t\t\t\t<div class='gallery-icon landscape'><a href='https:\/\/afk-lembach.at\/neustift\/files\/2012\/02\/Umbau-KDOF-3.jpg' itemprop=\"contentURL\"><img loading=\"lazy\" decoding=\"async\" width=\"150\" height=\"150\" src=\"https:\/\/afk-lembach.at\/neustift\/files\/2012\/02\/Umbau-KDOF-3-150x150.jpg\" class=\"attachment-thumbnail size-thumbnail\" alt=\"\" itemprop=\"thumbnail\" \/><\/a><\/div>\n\t\t\t\t\t<\/figure>\n\t\t\t\t\t<figure class='gallery-item col-3' itemprop='associatedMedia' itemscope itemtype='http:\/\/schema.org\/ImageObject'>\n\t\t\t\t\t\t<div class='gallery-icon landscape'><a href='https:\/\/afk-lembach.at\/neustift\/files\/2012\/02\/Umbau-KDOF-4.jpg' itemprop=\"contentURL\"><img loading=\"lazy\" decoding=\"async\" width=\"150\" height=\"150\" src=\"https:\/\/afk-lembach.at\/neustift\/files\/2012\/02\/Umbau-KDOF-4-150x150.jpg\" class=\"attachment-thumbnail size-thumbnail\" alt=\"\" itemprop=\"thumbnail\" \/><\/a><\/div>\n\t\t\t\t\t<\/figure>\n\t\t\t\t\t<figure class='gallery-item col-3' itemprop='associatedMedia' itemscope itemtype='http:\/\/schema.org\/ImageObject'>\n\t\t\t\t\t\t<div class='gallery-icon landscape'><a href='https:\/\/afk-lembach.at\/neustift\/files\/2012\/02\/Umbau-KDOF-5.jpg' itemprop=\"contentURL\"><img loading=\"lazy\" decoding=\"async\" width=\"150\" height=\"150\" src=\"https:\/\/afk-lembach.at\/neustift\/files\/2012\/02\/Umbau-KDOF-5-150x150.jpg\" class=\"attachment-thumbnail size-thumbnail\" alt=\"\" itemprop=\"thumbnail\" \/><\/a><\/div>\n\t\t\t\t\t<\/figure>\n\t\t\t\t<\/div>\n\t\t\t\t<div class='gallery-row gallery-col-3 gallery-clear'>\n\t\t\t\t\t<figure class='gallery-item col-3' itemprop='associatedMedia' itemscope itemtype='http:\/\/schema.org\/ImageObject'>\n\t\t\t\t\t\t<div class='gallery-icon landscape'><a href='https:\/\/afk-lembach.at\/neustift\/files\/2012\/02\/Umbau-KDOF-6.jpg' itemprop=\"contentURL\"><img loading=\"lazy\" decoding=\"async\" width=\"150\" height=\"150\" src=\"https:\/\/afk-lembach.at\/neustift\/files\/2012\/02\/Umbau-KDOF-6-150x150.jpg\" class=\"attachment-thumbnail size-thumbnail\" alt=\"\" itemprop=\"thumbnail\" \/><\/a><\/div>\n\t\t\t\t\t<\/figure>\n\t\t\t\t\t<figure class='gallery-item col-3' itemprop='associatedMedia' itemscope itemtype='http:\/\/schema.org\/ImageObject'>\n\t\t\t\t\t\t<div class='gallery-icon landscape'><a href='https:\/\/afk-lembach.at\/neustift\/files\/2012\/02\/Umbau-KDOF-7.jpg' itemprop=\"contentURL\"><img loading=\"lazy\" decoding=\"async\" width=\"150\" height=\"150\" src=\"https:\/\/afk-lembach.at\/neustift\/files\/2012\/02\/Umbau-KDOF-7-150x150.jpg\" class=\"attachment-thumbnail size-thumbnail\" alt=\"\" itemprop=\"thumbnail\" \/><\/a><\/div>\n\t\t\t\t\t<\/figure>\n\t\t\t\t\t<figure class='gallery-item col-3' itemprop='associatedMedia' itemscope itemtype='http:\/\/schema.org\/ImageObject'>\n\t\t\t\t\t\t<div class='gallery-icon landscape'><a href='https:\/\/afk-lembach.at\/neustift\/files\/2012\/02\/Umbau-KDOF-8.jpg' itemprop=\"contentURL\"><img loading=\"lazy\" decoding=\"async\" width=\"150\" height=\"150\" src=\"https:\/\/afk-lembach.at\/neustift\/files\/2012\/02\/Umbau-KDOF-8-150x150.jpg\" class=\"attachment-thumbnail size-thumbnail\" alt=\"\" itemprop=\"thumbnail\" \/><\/a><\/div>\n\t\t\t\t\t<\/figure>\n\t\t\t\t<\/div>\n\t\t\t\t<div class='gallery-row gallery-col-3 gallery-clear'>\n\t\t\t\t\t<figure class='gallery-item col-3' itemprop='associatedMedia' itemscope itemtype='http:\/\/schema.org\/ImageObject'>\n\t\t\t\t\t\t<div class='gallery-icon landscape'><a href='https:\/\/afk-lembach.at\/neustift\/files\/2012\/02\/Umbau-KDOF-10.jpg' itemprop=\"contentURL\"><img loading=\"lazy\" decoding=\"async\" width=\"150\" height=\"150\" src=\"https:\/\/afk-lembach.at\/neustift\/files\/2012\/02\/Umbau-KDOF-10-150x150.jpg\" class=\"attachment-thumbnail size-thumbnail\" alt=\"\" itemprop=\"thumbnail\" \/><\/a><\/div>\n\t\t\t\t\t<\/figure>\n\t\t\t\t\t<figure class='gallery-item col-3' itemprop='associatedMedia' itemscope itemtype='http:\/\/schema.org\/ImageObject'>\n\t\t\t\t\t\t<div class='gallery-icon landscape'><a href='https:\/\/afk-lembach.at\/neustift\/files\/2012\/02\/Umbau-KDOF-11.jpg' itemprop=\"contentURL\"><img loading=\"lazy\" decoding=\"async\" width=\"150\" height=\"150\" src=\"https:\/\/afk-lembach.at\/neustift\/files\/2012\/02\/Umbau-KDOF-11-150x150.jpg\" class=\"attachment-thumbnail size-thumbnail\" alt=\"\" itemprop=\"thumbnail\" \/><\/a><\/div>\n\t\t\t\t\t<\/figure>\n\t\t\t\t\t<figure class='gallery-item col-3' itemprop='associatedMedia' itemscope itemtype='http:\/\/schema.org\/ImageObject'>\n\t\t\t\t\t\t<div class='gallery-icon landscape'><a href='https:\/\/afk-lembach.at\/neustift\/files\/2012\/02\/Umbau-KDOF-12.jpg' itemprop=\"contentURL\"><img loading=\"lazy\" decoding=\"async\" width=\"150\" height=\"150\" src=\"https:\/\/afk-lembach.at\/neustift\/files\/2012\/02\/Umbau-KDOF-12-150x150.jpg\" class=\"attachment-thumbnail size-thumbnail\" alt=\"\" itemprop=\"thumbnail\" \/><\/a><\/div>\n\t\t\t\t\t<\/figure>\n\t\t\t\t<\/div>\n\t\t\t<\/div><!-- .gallery -->\n\n<p>&nbsp;<\/p>\n<h1>Details zum Eigenumbau unseres Kommandofahrzeuges<\/h1>\n<p>&nbsp;<\/p>\n<p>Beim Lichtbalken fiel unsere Auswahl auf den Balken \u201eRTK QS\u201c der Fa. Hella mit Blitzlichter und integrierter Lautsprecheranlage.<\/p>\n<p>Zus\u00e4tzlich wurde noch jeweils ein rotes und ein gr\u00fcnes Blitzlicht angebracht.<\/p>\n<p>Die Bedienung daf\u00fcr wurde in den von Ford, original erh\u00e4ltlichen Aufbau f\u00fcr 2 DIN Sch\u00e4chte vorgesehen. In diesen wurde auch noch das Hauptfunkger\u00e4t Motorola CM 360 eingebaut.<\/p>\n<p>Von diesem ausgehend, wurde eine zweite Bedienstelle f\u00fcr den Einsatzleittisch eingerichtet, mit zus\u00e4tzlichem Lautsprecher im Fond.<\/p>\n<p>F\u00fcr die Stromversorgung der von uns eingebauten Komponenten haben wir einen eigenen Sicherungsschrank neben der zweiten Funkbedienstelle montiert, da man in die Fahrzeugelektrik fast nicht mehr eingreifen kann, da der grossteil mit Bus- Systemen funktioniert. Selbst den ben\u00f6tigten Z\u00fcndplus erzeugen wir uns mittels einer IGNI BOX ( Info auf Google) selbst.<\/p>\n<p>Weiters haben wir das Ladeger\u00e4t f\u00fcr die Fahrzeugbatterie unter dem Beifahrersitz positioniert, das \u00fcber eine Au\u00dfensteckdose gespeist wird. Diese dient auch gleichzeitig f\u00fcr die externe Stromversorgung der Steckdosen beim Einsatzleittisch (bei l\u00e4ngeren Eins\u00e4tzen f\u00fcr Laptop, Handy, AS \u00dcberwachung,).<\/p>\n<p>Auch wenn mal keine externe Stromversorgung in der N\u00e4he ist, erzeugt ein Spannungswandler 230V (reiner Sinus) aus der Bordspannung.<\/p>\n<p>Eine 12V KFZ Steckdose ist ebenfalls beim Tisch integriert.<\/p>\n<p>Der rote und gr\u00fcne Blitzer am Fahrzeugheck wird beim Einsatzleittisch eingeschaltet.<\/p>\n<p>Es wurde auch noch eine zus\u00e4tzliche Innenbeleuchtung und eine Umfeldbeleuchtung bei der Schiebet\u00fcr angebracht.<\/p>\n<p>Damit auch ein Einsatzleittisch Platz fand, mussten wir die 2. Sitzreihe auf Schienen montieren. Diese kann man jetzt am Einsatzort nach hinten Schieben, den Tisch aus der F\u00fchrung heben und umklappen. Mit diesem Mechanismus stellten wir sicher, das dass Fahrzeug auch noch als MTF zu Bewerbsfahrten usw. verwendet werden kann.<\/p>\n<p>Auch die Beschriftung wurde von uns entworfen und geklebt.<\/p>\n<p>Rund 200 Arbeitsstunden haben wir f\u00fcr den ganzen Umbau aufgewendet.<\/p>\n","protected":false},"excerpt":{"rendered":"<p>Kommandofahrzeug Ford Transit TDCI 140PS, BJ 2008 Besatzung 1:8 Funkrufname: Kommando Neustift Aufgrund immer steigender und umfangreicheren Eins\u00e4tzen, entschied sich das Kommando der FF Neustift zum Ankauf eines Kommandofahrzeuges beim \u00f6rtlichen Autoh\u00e4ndler. Das KDOF, ein Ford Transit TDCI mit Hochdach, wurde von der FF selbst finanziert und auch selbst aufgebaut. Cirka 200 Arbeitsstunden wurden daf\u00fcr [&hellip;]<\/p>\n","protected":false},"author":3,"featured_media":0,"parent":177,"menu_order":3,"comment_status":"closed","ping_status":"closed","template":"","meta":{"ngg_post_thumbnail":0,"jetpack_post_was_ever_published":false,"footnotes":""},"class_list":["post-118","page","type-page","status-publish","hentry"],"jetpack_shortlink":"https:\/\/wp.me\/P35J5s-1U","jetpack_sharing_enabled":true,"_links":{"self":[{"href":"https:\/\/afk-lembach.at\/neustift\/wp-json\/wp\/v2\/pages\/118"}],"collection":[{"href":"https:\/\/afk-lembach.at\/neustift\/wp-json\/wp\/v2\/pages"}],"about":[{"href":"https:\/\/afk-lembach.at\/neustift\/wp-json\/wp\/v2\/types\/page"}],"author":[{"embeddable":true,"href":"https:\/\/afk-lembach.at\/neustift\/wp-json\/wp\/v2\/users\/3"}],"replies":[{"embeddable":true,"href":"https:\/\/afk-lembach.at\/neustift\/wp-json\/wp\/v2\/comments?post=118"}],"version-history":[{"count":17,"href":"https:\/\/afk-lembach.at\/neustift\/wp-json\/wp\/v2\/pages\/118\/revisions"}],"predecessor-version":[{"id":139,"href":"https:\/\/afk-lembach.at\/neustift\/wp-json\/wp\/v2\/pages\/118\/revisions\/139"}],"up":[{"embeddable":true,"href":"https:\/\/afk-lembach.at\/neustift\/wp-json\/wp\/v2\/pages\/177"}],"wp:attachment":[{"href":"https:\/\/afk-lembach.at\/neustift\/wp-json\/wp\/v2\/media?parent=118"}],"curies":[{"name":"wp","href":"https:\/\/api.w.org\/{rel}","templated":true}]}}