{"id":102,"date":"2012-06-12T21:18:50","date_gmt":"2012-06-12T19:18:50","guid":{"rendered":"http:\/\/afk-lembach.at\/oberkappel\/?page_id=102"},"modified":"2016-09-17T09:09:22","modified_gmt":"2016-09-17T07:09:22","slug":"klf-a","status":"publish","type":"page","link":"https:\/\/afk-lembach.at\/oberkappel\/organisation\/fahrzeuge\/klf-a\/","title":{"rendered":"KLF-A"},"content":{"rendered":"<p><strong>Kleinl\u00f6schfahrzeug Allrad (KLF-A)<\/strong><\/p>\n<p>Fahrgestell: Mercedes Benz Sprinter 519 CDI 4&#215;4 \u2013 190 PS<\/p>\n<p>Baujahr: 2012<\/p>\n<p>Feuerwehrtechnischer Aufbau: Fa. Rosenbauer, Neidling<\/p>\n<p>Besatzung: 9 Mann<\/p>\n<p>Funkrufname: PUMPE Oberkappel<\/p>\n<p>Aktiv seit: 16.06.2012<\/p>\n<p>Segnung am 31.08.2012<\/p>\n<p>Ausr\u00fcstung: Tragkraftspritze FOX III \u00a0(BJ 2016), 480m B-Druckschlauch, 90m C-Druckschlauch, 6 Stk. A-Saugschl\u00e4uche, Notstromaggregat, 2x 1000 W Fluter inkl. Stativ, LED-Lichtmast, Tauchpumpe, Motors\u00e4ge, 2 teilige Schiebeleiter, Absturzsicherungsset, wasserf\u00fchrende Armaturen, Absperrmaterial, Schanzzeug, div. Werkzeug uvm.<\/p>\n<p>Kurzbeschreibung: Das allradgetriebene \u00a0Fahrzeug ist f\u00fcr die Wasserf\u00f6rderung und \u2013versorgung (z.B. zu unserem Tankl\u00f6schfahrzeug) zust\u00e4ndig und daher f\u00fcr unsere Schlagkraft und Einsatztaktik sehr wichtig. Es k\u00f6nnen aber auch kleinere Eins\u00e4tze (Unwetter und Sturmeins\u00e4tze) selbstst\u00e4ndig abgearbeitet werden.<\/p>\n<p><img loading=\"lazy\" decoding=\"async\" style=\"float: left\" src=\"https:\/\/afk-lembach.at\/oberkappel\/files\/2013\/03\/KLFA2.jpg\" alt=\"\" width=\"502\" height=\"331\" \/><\/p>\n<p>&nbsp;<\/p>\n<p>&nbsp;<\/p>\n<p>&nbsp;<\/p>\n<p>&nbsp;<\/p>\n<p>&nbsp;<\/p>\n<p>&nbsp;<\/p>\n<p>&nbsp;<\/p>\n<p>&nbsp;<\/p>\n<p>&nbsp;<\/p>\n<p><img loading=\"lazy\" decoding=\"async\" style=\"float: left\" src=\"https:\/\/afk-lembach.at\/oberkappel\/files\/2013\/03\/KLFA1.jpg\" alt=\"\" width=\"499\" height=\"534\" \/><\/p>\n<p>&nbsp;<\/p>\n<p>&nbsp;<\/p>\n<p>&nbsp;<\/p>\n<p>&nbsp;<\/p>\n<p>&nbsp;<\/p>\n<p>&nbsp;<\/p>\n<p>&nbsp;<\/p>\n<p>&nbsp;<\/p>\n<p>&nbsp;<\/p>\n<p>&nbsp;<\/p>\n<p>&nbsp;<\/p>\n<p>&nbsp;<\/p>\n<p>&nbsp;<\/p>\n<p>&nbsp;<\/p>\n<p>&nbsp;<\/p>\n<p><img loading=\"lazy\" decoding=\"async\" style=\"float: left\" src=\"https:\/\/afk-lembach.at\/oberkappel\/files\/2013\/03\/KLFA.jpg\" alt=\"\" width=\"502\" height=\"275\" \/><\/p>\n","protected":false},"excerpt":{"rendered":"<p>Kleinl\u00f6schfahrzeug Allrad (KLF-A) Fahrgestell: Mercedes Benz Sprinter 519 CDI 4&#215;4 \u2013 190 PS Baujahr: 2012 Feuerwehrtechnischer Aufbau: Fa. Rosenbauer, Neidling Besatzung: 9 Mann Funkrufname: PUMPE Oberkappel Aktiv seit: 16.06.2012 Segnung am 31.08.2012 Ausr\u00fcstung: Tragkraftspritze FOX III \u00a0(BJ 2016), 480m B-Druckschlauch, 90m C-Druckschlauch, 6 Stk. A-Saugschl\u00e4uche, Notstromaggregat, 2x 1000 W Fluter inkl. Stativ, LED-Lichtmast, Tauchpumpe, Motors\u00e4ge, [&hellip;]<\/p>\n","protected":false},"author":11,"featured_media":0,"parent":68,"menu_order":1,"comment_status":"closed","ping_status":"closed","template":"","meta":{"ngg_post_thumbnail":0,"footnotes":""},"class_list":["post-102","page","type-page","status-publish","hentry"],"_links":{"self":[{"href":"https:\/\/afk-lembach.at\/oberkappel\/wp-json\/wp\/v2\/pages\/102"}],"collection":[{"href":"https:\/\/afk-lembach.at\/oberkappel\/wp-json\/wp\/v2\/pages"}],"about":[{"href":"https:\/\/afk-lembach.at\/oberkappel\/wp-json\/wp\/v2\/types\/page"}],"author":[{"embeddable":true,"href":"https:\/\/afk-lembach.at\/oberkappel\/wp-json\/wp\/v2\/users\/11"}],"replies":[{"embeddable":true,"href":"https:\/\/afk-lembach.at\/oberkappel\/wp-json\/wp\/v2\/comments?post=102"}],"version-history":[{"count":8,"href":"https:\/\/afk-lembach.at\/oberkappel\/wp-json\/wp\/v2\/pages\/102\/revisions"}],"predecessor-version":[{"id":4296,"href":"https:\/\/afk-lembach.at\/oberkappel\/wp-json\/wp\/v2\/pages\/102\/revisions\/4296"}],"up":[{"embeddable":true,"href":"https:\/\/afk-lembach.at\/oberkappel\/wp-json\/wp\/v2\/pages\/68"}],"wp:attachment":[{"href":"https:\/\/afk-lembach.at\/oberkappel\/wp-json\/wp\/v2\/media?parent=102"}],"curies":[{"name":"wp","href":"https:\/\/api.w.org\/{rel}","templated":true}]}}