{"id":104,"date":"2012-06-12T21:19:30","date_gmt":"2012-06-12T19:19:30","guid":{"rendered":"http:\/\/afk-lembach.at\/oberkappel\/?page_id=104"},"modified":"2012-08-16T21:53:56","modified_gmt":"2012-08-16T19:53:56","slug":"kdof","status":"publish","type":"page","link":"https:\/\/afk-lembach.at\/oberkappel\/organisation\/fahrzeuge\/kdof\/","title":{"rendered":"KDOF"},"content":{"rendered":"<p><strong><span style=\"color: #000000\">Kommandofahrzeug (KDOF) <\/span><\/strong><\/p>\n<p><span style=\"color: #000000\">Fahrgestell: Ford Transit Variobus TREND 280 M \u2013 140 PS<\/span><\/p>\n<p><span style=\"color: #000000\">Baujahr: 2012<\/span><\/p>\n<p><span style=\"color: #000000\">Feuerwehrtechnischer Aufbau: Eigen<\/span><\/p>\n<p><span style=\"color: #000000\">Besatzung: 9 Mann<\/span><\/p>\n<p><span style=\"color: #000000\">Funkrufname: KOMMANDO Oberkappel<\/span><\/p>\n<p><span style=\"color: #000000\">Aktiv seit: 10.05.2012<\/span><\/p>\n<p>Segnung am 31.08.2012<\/p>\n<p><span style=\"color: #000000\">Ausr\u00fcstung: F\u00fchrungsmittel, Absperrmaterial, Sanit\u00e4tstasche, Feuerl\u00f6scher, uvm.<\/span><\/p>\n<p><span style=\"color: #000000\">Kurzbeschreibung: <\/span><span style=\"color: #000000\">Das Fahrzeug wird im Einsatzfall als Leitstelle und in der \u00fcbrigen Zeit als Unterst\u00fctzung beim Transport der Jugend- bzw. Bewerbsgruppe, f\u00fcr Festausr\u00fcckungen und Versorgungsfahrten gen\u00fctzt.<\/span><\/p>\n<p><span style=\"color: #000000\"><img loading=\"lazy\" decoding=\"async\" style=\"vertical-align: middle\" src=\"https:\/\/afk-lembach.at\/oberkappel\/files\/2012\/08\/IMG_2152.jpg\" alt=\"KDOF Seite\" width=\"604\" height=\"452\" \/><\/span><\/p>\n<p>\u00a0<img loading=\"lazy\" decoding=\"async\" style=\"vertical-align: middle\" src=\"https:\/\/afk-lembach.at\/oberkappel\/files\/2012\/08\/IMG_2151.jpg\" alt=\"KDOF vorne\" width=\"599\" height=\"634\" \/><\/p>\n<p>&nbsp;<\/p>\n","protected":false},"excerpt":{"rendered":"<p>Kommandofahrzeug (KDOF) Fahrgestell: Ford Transit Variobus TREND 280 M \u2013 140 PS Baujahr: 2012 Feuerwehrtechnischer Aufbau: Eigen Besatzung: 9 Mann Funkrufname: KOMMANDO Oberkappel Aktiv seit: 10.05.2012 Segnung am 31.08.2012 Ausr\u00fcstung: F\u00fchrungsmittel, Absperrmaterial, Sanit\u00e4tstasche, Feuerl\u00f6scher, uvm. Kurzbeschreibung: Das Fahrzeug wird im Einsatzfall als Leitstelle und in der \u00fcbrigen Zeit als Unterst\u00fctzung beim Transport der Jugend- bzw. [&hellip;]<\/p>\n","protected":false},"author":11,"featured_media":0,"parent":68,"menu_order":2,"comment_status":"closed","ping_status":"closed","template":"","meta":{"ngg_post_thumbnail":0,"footnotes":""},"class_list":["post-104","page","type-page","status-publish","hentry"],"_links":{"self":[{"href":"https:\/\/afk-lembach.at\/oberkappel\/wp-json\/wp\/v2\/pages\/104"}],"collection":[{"href":"https:\/\/afk-lembach.at\/oberkappel\/wp-json\/wp\/v2\/pages"}],"about":[{"href":"https:\/\/afk-lembach.at\/oberkappel\/wp-json\/wp\/v2\/types\/page"}],"author":[{"embeddable":true,"href":"https:\/\/afk-lembach.at\/oberkappel\/wp-json\/wp\/v2\/users\/11"}],"replies":[{"embeddable":true,"href":"https:\/\/afk-lembach.at\/oberkappel\/wp-json\/wp\/v2\/comments?post=104"}],"version-history":[{"count":8,"href":"https:\/\/afk-lembach.at\/oberkappel\/wp-json\/wp\/v2\/pages\/104\/revisions"}],"predecessor-version":[{"id":231,"href":"https:\/\/afk-lembach.at\/oberkappel\/wp-json\/wp\/v2\/pages\/104\/revisions\/231"}],"up":[{"embeddable":true,"href":"https:\/\/afk-lembach.at\/oberkappel\/wp-json\/wp\/v2\/pages\/68"}],"wp:attachment":[{"href":"https:\/\/afk-lembach.at\/oberkappel\/wp-json\/wp\/v2\/media?parent=104"}],"curies":[{"name":"wp","href":"https:\/\/api.w.org\/{rel}","templated":true}]}}

<p><strong><span style="color: #000000">Kommandofahrzeug (KDOF) </span></strong></p>
<p><span style="color: #000000">Fahrgestell: Ford Transit Variobus TREND 280 M – 140 PS</span></p>
<p><span style="color: #000000">Baujahr: 2012</span></p>
<p><span style="color: #000000">Feuerwehrtechnischer Aufbau: Eigen</span></p>
<p><span style="color: #000000">Besatzung: 9 Mann</span></p>
<p><span style="color: #000000">Funkrufname: KOMMANDO Oberkappel</span></p>
<p><span style="color: #000000">Aktiv seit: 10.05.2012</span></p>
<p>Segnung am 31.08.2012</p>
<p><span style="color: #000000">Ausrüstung: Führungsmittel, Absperrmaterial, Sanitätstasche, Feuerlöscher, uvm.</span></p>
<p><span style="color: #000000">Kurzbeschreibung: </span><span style="color: #000000">Das Fahrzeug wird im Einsatzfall als Leitstelle und in der übrigen Zeit als Unterstützung beim Transport der Jugend- bzw. Bewerbsgruppe, für Festausrückungen und Versorgungsfahrten genützt.</span></p>
<p><span style="color: #000000"><img loading="lazy" decoding="async" style="vertical-align: middle" src="https://afk-lembach.at/oberkappel/files/2012/08/IMG_2152.jpg" alt="KDOF Seite" width="604" height="452" /></span></p>
<p> <img loading="lazy" decoding="async" style="vertical-align: middle" src="https://afk-lembach.at/oberkappel/files/2012/08/IMG_2151.jpg" alt="KDOF vorne" width="599" height="634" /></p>
<p>&nbsp;</p>

<p>Kommandofahrzeug (KDOF) Fahrgestell: Ford Transit Variobus TREND 280 M – 140 PS Baujahr: 2012 Feuerwehrtechnischer Aufbau: Eigen Besatzung: 9 Mann Funkrufname: KOMMANDO Oberkappel Aktiv seit: 10.05.2012 Segnung am 31.08.2012 Ausrüstung: Führungsmittel, Absperrmaterial, Sanitätstasche, Feuerlöscher, uvm. Kurzbeschreibung: Das Fahrzeug wird im Einsatzfall als Leitstelle und in der übrigen Zeit als Unterstützung beim Transport der Jugend- bzw. [&hellip;]</p>
