{"id":107,"date":"2012-06-18T20:28:42","date_gmt":"2012-06-18T18:28:42","guid":{"rendered":"http:\/\/afk-lembach.at\/oberkappel\/?page_id=107"},"modified":"2019-10-08T22:17:08","modified_gmt":"2019-10-08T20:17:08","slug":"bewerbsgruppe","status":"publish","type":"page","link":"https:\/\/afk-lembach.at\/oberkappel\/organisation\/bewerbsgruppe\/","title":{"rendered":"Bewerbsgruppe"},"content":{"rendered":"<p>Die FF Oberkappel unterh\u00e4lt seit 1971 (beinahe) ununterbrochen mindestens eine Bewerbsgruppe, wobei es schon in den vorangegangenen Jahren sporadisch welche gegeben hat.<\/p>\n<p>Akuelle Bewerbsgruppe 2019:<\/p>\n<p>OFM Amerstorfer Lukas, HFM Helml Florian, LM Hofmann Domink, LM Hofmann Simon, OFM Riepl Hannes, OFM Schiffner Leopold jun., FM Schuster Daniel, FM Schuster Julian, FM Schuster Julian, HBM Wie\u00dfmayer Patrick, AW Zin\u00f6cker Markus<\/p>\n<p><img decoding=\"async\" class=\"aligncenter\" src=\"https:\/\/afk-lembach.at\/oberkappel\/files\/2012\/06\/Bewerb-FFW-Grubweg.jpg\" alt=\"\" \/><\/p>\n<p>Erfolge: 2011 Auswahl:<\/p>\n<p>Deutsches Bundesleistungsabzeichen in Bronze und Silber (Breitenberg)<\/p>\n<p>Wettbewerbsabzeichen Landkreis Passau in Bronze (Breitenberg)<\/p>\n<p>2. Rang Klasse\u00a0II Silber beim Bezirksbewerb in Kollerschlag<\/p>\n<p>Erfolge 2012 Auswahl:<\/p>\n<p>Wettbewerbsabzeichen Landkreis Passau in\u00a0Silber (Ederlsdorf)<\/p>\n<p>5. Rang Klasse\u00a0II Silber beim Abschnittsbewerb in Niederkappel<\/p>\n<p>Erfolge 2013 Auswahl:<\/p>\n<p>Wettbewerbsabzeichen Landkreis Passau in\u00a0Gold\u00a0 \/ Silber bzw. Bronze (Bad H\u00f6henstadt)<\/p>\n<p>1. Rang Klasse\u00a0II Silber beim Abschnittsbewerb in Julbach<\/p>\n<p>2. Rang Klasse\u00a0II Bronze beim Abschnittsbewerb in Julbach (39,21 sec)<\/p>\n<p>4. Rang in der Bezirkswertung Klasse II BRONZE und damit Aufstieg in die erste Klasse<\/p>\n<p>Bezirkssieger in der Klasse II SILBER<\/p>\n<p>Erfolge 2014 Auswahl:<\/p>\n<p>Wettbewerbsabzeichen Landkreis Passau in Silber bzw. Bronze (Kirchberg vorm Wald)<\/p>\n<p>S\u00fcdtiroler Leistungsabzeichen in Bronze und Silber (Welsberg)<\/p>\n<p>3. Rang Klasse\u00a0I Silber beim Abschnittsbewerb in St. Peter \/ Wimberg<\/p>\n<p>4. Rang Klasse\u00a0I Bronze beim Abschnittsbewerb in\u00a0Lembach<\/p>\n<p>10. Rang in der Bezirkswertung Klasse I BRONZE und damit Erhalt der ersten Leistungsklasse<\/p>\n<p>10. Rang in der Bezirkswertung Klasse I SILBER<\/p>\n<p>38,55 sec in Bronze fehlerfrei am Landesbewerb in Steyr (Platz 80 von 634 Gruppen)<\/p>\n<p>Erfolge 2015 Auswahl:<\/p>\n<p>3. Rang Klasse I\u00a0Bronze beim Abschnittsbewerb in Rannariedl<\/p>\n<p>4. Rang Klasse I Bronze beim Bezirksbewerb in\u00a0Altenfelden (37,07 sec)<\/p>\n<p>5. Rang in der Bezirkswertung Klasse I BRONZE<\/p>\n<p>8. Rang in der Bezirkswertung Klasse I SILBER<\/p>\n<p>Erfolge 2016 Auswahl:<\/p>\n<p>2. Rang Klasse I\u00a0Bronze beim Abschnittsbewerb in Schl\u00e4gl<\/p>\n<p>4. Rang Klasse I Bronze beim Abschnittsbewerb in Kirchberg \/ D.<\/p>\n<p>4. Rang Klasse I Silber\u00a0beim Abschnittsbewerb in Kirchberg \/ D.<\/p>\n<p>5. Rang in der Bezirkswertung Klasse I (Wertung aus BRONZE und SILBER)<\/p>\n<p>78. Rang in Silber am Landesbewerb in Frankenburg (von 452 Gruppen)<\/p>\n<p>Erfolge 2017 Auswahl:<\/p>\n<p>Wettbewerbsabzeichen Landkreis Passau in\u00a0Gold\u00a0 \/ Silber bzw. Bronze (Breitenberg)<\/p>\n<p>4. Rang Klasse I Bronze beim Abschnittsbewerb in Aigen-Schl\u00e4gl<\/p>\n<p>5. Rang Klasse I Silber\u00a0beim Abschnittsbewerb in Hofkirchen<\/p>\n<p>10. Rang in der Bezirkswertung Klasse I (Wertung aus BRONZE und SILBER)\u00a0und damit Erhalt der ersten Leistungsklasse<\/p>\n<p>99. Rang in Bronze am Landesbewerb in Mauerkirchen (von 516 Gruppen)<\/p>\n<p>74. Rang in Silber am Landesbewerb in Mauerkirchen (von 425 Gruppen) &#8211; Nummer 1 im Abschnitt Lembach!<\/p>\n<p>Erfolge 2018 Auswahl:<\/p>\n<p>5. Rang Klasse I Silber beim Abschnittsbewerb in Nebelberg<\/p>\n<p>5. Rang Klasse I Bronze beim Bezirkssbewerb in Julbach<\/p>\n<p>102. Rang in Bronze am Landesbewerb in Rainbach (von 525 Gruppen)<\/p>\n<p>Erfolge 2019 Auswahl:<\/p>\n<p>Wettbewerbsabzeichen Niederbayern in Bronze (Phillipsreuth)<\/p>\n<p>2. Rang in Silber &#8211; G\u00e4stewertung<\/p>\n<p>4. Rang in Bronze G\u00e4stewertung<\/p>\n<p>(mit Unterst\u00fctzung der Bewerbsgruppe Oberkappel II)<\/p>\n<p>4. Rang Klasse I Silber beim Abschnittsbewerb in Klaffer<\/p>\n<p>9. Rang in der Bezirkswertung Klasse I (Wertung aus BRONZE und SILBER) und damit Erhalt der ersten Leistungsklasse<\/p>\n<p>181. Rang in Silber am Landesbewerb in Frankenburg (von 415 Gruppen)<\/p>\n<p>Besten Dank an die KFZ-Werkst\u00e4tte und Schlosserei Baumgartner Heinz f\u00fcr die Unterst\u00fctzung bei den Shirts f\u00fcr die Bewerbsgruppe<\/p>\n<p><a href=\"https:\/\/afk-lembach.at\/oberkappel\/files\/2017\/07\/20-Jahre-KFZ-Baumgartner-0207217-1.jpg\"><img loading=\"lazy\" decoding=\"async\" class=\"aligncenter size-large wp-image-2674\" src=\"https:\/\/afk-lembach.at\/oberkappel\/files\/2017\/07\/20-Jahre-KFZ-Baumgartner-0207217-1-1024x682.jpg\" alt=\"\" width=\"560\" height=\"373\" srcset=\"https:\/\/afk-lembach.at\/oberkappel\/files\/2017\/07\/20-Jahre-KFZ-Baumgartner-0207217-1.jpg 1024w, https:\/\/afk-lembach.at\/oberkappel\/files\/2017\/07\/20-Jahre-KFZ-Baumgartner-0207217-1-300x200.jpg 300w, https:\/\/afk-lembach.at\/oberkappel\/files\/2017\/07\/20-Jahre-KFZ-Baumgartner-0207217-1-768x512.jpg 768w\" sizes=\"(max-width: 560px) 100vw, 560px\" \/><\/a><\/p>\n<p style=\"text-align: center\">2017<\/p>\n<p style=\"text-align: center\"><img loading=\"lazy\" decoding=\"async\" src=\"https:\/\/afk-lembach.at\/oberkappel\/files\/2012\/06\/\u00dcbergabe-Shirt-Schmid-Heinz-18-06-2011.jpg\" alt=\"\" width=\"559\" height=\"483\" \/><\/p>\n","protected":false},"excerpt":{"rendered":"<p>Die FF Oberkappel unterh\u00e4lt seit 1971 (beinahe) ununterbrochen mindestens eine Bewerbsgruppe, wobei es schon in den vorangegangenen Jahren sporadisch welche gegeben hat. Akuelle Bewerbsgruppe 2019: OFM Amerstorfer Lukas, HFM Helml Florian, LM Hofmann Domink, LM Hofmann Simon, OFM Riepl Hannes, OFM Schiffner Leopold jun., FM Schuster Daniel, FM Schuster Julian, FM Schuster Julian, HBM Wie\u00dfmayer [&hellip;]<\/p>\n","protected":false},"author":11,"featured_media":0,"parent":61,"menu_order":4,"comment_status":"closed","ping_status":"closed","template":"","meta":{"ngg_post_thumbnail":0,"footnotes":""},"class_list":["post-107","page","type-page","status-publish","hentry"],"_links":{"self":[{"href":"https:\/\/afk-lembach.at\/oberkappel\/wp-json\/wp\/v2\/pages\/107"}],"collection":[{"href":"https:\/\/afk-lembach.at\/oberkappel\/wp-json\/wp\/v2\/pages"}],"about":[{"href":"https:\/\/afk-lembach.at\/oberkappel\/wp-json\/wp\/v2\/types\/page"}],"author":[{"embeddable":true,"href":"https:\/\/afk-lembach.at\/oberkappel\/wp-json\/wp\/v2\/users\/11"}],"replies":[{"embeddable":true,"href":"https:\/\/afk-lembach.at\/oberkappel\/wp-json\/wp\/v2\/comments?post=107"}],"version-history":[{"count":25,"href":"https:\/\/afk-lembach.at\/oberkappel\/wp-json\/wp\/v2\/pages\/107\/revisions"}],"predecessor-version":[{"id":3750,"href":"https:\/\/afk-lembach.at\/oberkappel\/wp-json\/wp\/v2\/pages\/107\/revisions\/3750"}],"up":[{"embeddable":true,"href":"https:\/\/afk-lembach.at\/oberkappel\/wp-json\/wp\/v2\/pages\/61"}],"wp:attachment":[{"href":"https:\/\/afk-lembach.at\/oberkappel\/wp-json\/wp\/v2\/media?parent=107"}],"curies":[{"name":"wp","href":"https:\/\/api.w.org\/{rel}","templated":true}]}}