{"id":244,"date":"2012-08-16T22:08:59","date_gmt":"2012-08-16T20:08:59","guid":{"rendered":"http:\/\/afk-lembach.at\/oberkappel\/?page_id=244"},"modified":"2012-08-17T22:02:15","modified_gmt":"2012-08-17T20:02:15","slug":"partnerfeuerwehr-neudorf","status":"publish","type":"page","link":"https:\/\/afk-lembach.at\/oberkappel\/organisation\/partnerfeuerwehr-neudorf\/","title":{"rendered":"Partnerfeuerwehr Neudorf"},"content":{"rendered":"<p style=\"text-align: left\" align=\"center\">Partnerschaft mit der Feuerwehr Neudorf, Stadt Grafenau, Bayern.<\/p>\n<p>Im Fr\u00fchling des Jahres 1977 spielte unsere Feuerwehrmusikkapelle \u00fcber Einladung des damaligen Bezirkshauptmannes von Rohrbach, Hofrat Dr Wilhelm Blecha, bei der Er\u00f6ffnung des Naturparks \u201eBayerischer Wald\u201c in Spiegelau, Landkreis Freyung-Grafenau. Dort war auch der Kommandant der Freiwilligen Feuerwehr Neudorf, Alois Wagner, anwesend. Diesem gefiel das Spiel unserer\u00a0 Musikkapelle so gut, dass er diese spontan einlud, im Juli 1977 anl\u00e4sslich des 100j\u00e4hrigen Gr\u00fcndungsfestes seiner Feuerwehr als Festmusik aufzuspielen. Diese Einladung wurde mit Freude aufgenommen. So wurden die ersten Bande zwischen Neudorf und Oberkappel gekn\u00fcpft.<\/p>\n<p>Am 8. und 9. September 1977 wurde dann in Oberkappel zwischen den Feuerwehren Oberkappel und Neudorf unter den Kommandanten Adolf Hazod und Alois Wagner ein Freundschaftspakt geschlossen. \u00dcber 100 Neudorfer nahmen an diesem Freundschaftstreffen in Oberkappel teil. Im Mai 1978 wurde bei einem Gegenbesuch in Neudorf dieser gefestigt. Nun folgten j\u00e4hrliche Gegenbesuche zu Feuerwehrveranstaltungen, Fu\u00dfballturnieren und andere Veranstaltungen.\u00a0\u00a0\u00a0\u00a0\u00a0\u00a0 Es wurden dabei viele sch\u00f6ne Stunden gemeinsam verbracht.<\/p>\n<p>Aber auch bei traurigen Anl\u00e4ssen traf man sich, so bei Begr\u00e4bnissen von \u201eGr\u00fcndungsv\u00e4tern\u201c und anderen Feuerwehrkameraden. Dadurch wurde immer wieder die Freundschaft zwischen den beiden Feuerwehren vertieft.<\/p>\n<p>Dies geht nun schon \u00fcber 35 Jahre so. Wir hoffen dass es noch lange so weiter geht. In dieser Zeit wurden auch viele private Freundschaften zwischen den Oberkapplern und den Neudorfern geschlossen und vertieft.<\/p>\n","protected":false},"excerpt":{"rendered":"<p>Partnerschaft mit der Feuerwehr Neudorf, Stadt Grafenau, Bayern. Im Fr\u00fchling des Jahres 1977 spielte unsere Feuerwehrmusikkapelle \u00fcber Einladung des damaligen Bezirkshauptmannes von Rohrbach, Hofrat Dr Wilhelm Blecha, bei der Er\u00f6ffnung des Naturparks \u201eBayerischer Wald\u201c in Spiegelau, Landkreis Freyung-Grafenau. Dort war auch der Kommandant der Freiwilligen Feuerwehr Neudorf, Alois Wagner, anwesend. Diesem gefiel das Spiel unserer\u00a0 [&hellip;]<\/p>\n","protected":false},"author":11,"featured_media":0,"parent":61,"menu_order":5,"comment_status":"closed","ping_status":"closed","template":"","meta":{"ngg_post_thumbnail":0,"footnotes":""},"class_list":["post-244","page","type-page","status-publish","hentry"],"_links":{"self":[{"href":"https:\/\/afk-lembach.at\/oberkappel\/wp-json\/wp\/v2\/pages\/244","targetHints":{"allow":["GET"]}}],"collection":[{"href":"https:\/\/afk-lembach.at\/oberkappel\/wp-json\/wp\/v2\/pages"}],"about":[{"href":"https:\/\/afk-lembach.at\/oberkappel\/wp-json\/wp\/v2\/types\/page"}],"author":[{"embeddable":true,"href":"https:\/\/afk-lembach.at\/oberkappel\/wp-json\/wp\/v2\/users\/11"}],"replies":[{"embeddable":true,"href":"https:\/\/afk-lembach.at\/oberkappel\/wp-json\/wp\/v2\/comments?post=244"}],"version-history":[{"count":6,"href":"https:\/\/afk-lembach.at\/oberkappel\/wp-json\/wp\/v2\/pages\/244\/revisions"}],"predecessor-version":[{"id":274,"href":"https:\/\/afk-lembach.at\/oberkappel\/wp-json\/wp\/v2\/pages\/244\/revisions\/274"}],"up":[{"embeddable":true,"href":"https:\/\/afk-lembach.at\/oberkappel\/wp-json\/wp\/v2\/pages\/61"}],"wp:attachment":[{"href":"https:\/\/afk-lembach.at\/oberkappel\/wp-json\/wp\/v2\/media?parent=244"}],"curies":[{"name":"wp","href":"https:\/\/api.w.org\/{rel}","templated":true}]}}