{"id":248,"date":"2012-08-16T22:16:08","date_gmt":"2012-08-16T20:16:08","guid":{"rendered":"http:\/\/afk-lembach.at\/oberkappel\/?page_id=248"},"modified":"2013-10-25T13:51:08","modified_gmt":"2013-10-25T11:51:08","slug":"strahlenschutzstutzpunkt","status":"publish","type":"page","link":"https:\/\/afk-lembach.at\/oberkappel\/organisation\/strahlenschutzstutzpunkt\/","title":{"rendered":"Strahlenschutzst\u00fctzpunkt"},"content":{"rendered":"<p style=\"text-align: left\" align=\"center\"><strong>Strahlenme\u00df- und Sp\u00fcrst\u00fctzpunkt Oberkappel<\/strong><\/p>\n<p style=\"text-align: left\" align=\"center\">Geschichte:<\/p>\n<p style=\"text-align: left\" align=\"center\">Im Herbst des Jahres 1976 begannen 3 Kameraden \u00fcber Anregung des damaligen Bezirksleiters des \u00d6ZSV und Bezirksgendarmeriekommandanten von Rohrbach, AI Leopold Luger, an der Zivilschutzschule (Vorgartenkaserne) des BMfI in Wien mit der Strahlenschutzausbildung, da an der Landesfeuerwehrschule in Linz, diese Ausbildung zu diesem Zeit-punkt noch nicht angeboten wurde.<\/p>\n<p>Im Mai 1977 wurde das Strahlenschutzleistungsabzeichen in Bronze erworben. Im Herbst 1979 erfolgte der Erwerb des Leistungsabzeichens in Silber In den folgenden Jahren wurden weitere Kameraden beim Bundesheer (ABC-Einheiten) und sp\u00e4ter dann auch an der Landesfeuerwehrschule im Strahlenschutz ausgebildet.<\/p>\n<p>Im Jahre 1982 wurde dann bei der FF Oberkappel durch das O\u00d6 Landesfeuerwehrkommando ein Strahlenmessst\u00fctz-punkt\u00a0 (Landesst\u00fctzpunkt) errichtet und mit Strahlenmessger\u00e4ten sowie Schutzanz\u00fcge ausger\u00fcstet. Kurz sp\u00e4ter erfolgte durch das Bezirksfeuerwehrkommando Rohrbach die Errichtung einen Bezirksst\u00fctzpunktes bei der FF Auberg.<\/p>\n<p>Die erste gro\u00dfe Bew\u00e4hrungsprobe erfolgte dann am 26.4.1986 durch den Atomreaktorunfall in Tschernobyl in Russland. Der St\u00fctzpunkt Oberkappel wurde durch das Landesfeuerkom-mando alarmiert und beim Grenz\u00fcbergang Weigertschlag an der Grenze zu Tschechien eingesetzt. Der Grenz\u00fcbergang war t\u00e4glich 3 Wochen lang, in der Zeit von 06.00 bis 22.00 Uhr von 3 im Strahlenschutz ausgebildeten Feuerwehrkameraden zu besetzen, um den einreisenden KFZ-Verkehr auf Verstrahlung abzumessen. Au\u00dferdem wurden in Bad Leonfelden und Umgebung zahlreiche Messungen in Kinderspielpl\u00e4tzen udgl durchgef\u00fchrt.<\/p>\n<p>Bei diesem Einsatz wurde unser St\u00fctzpunkt von den Kameraden des Bezirksst\u00fctzpunktes Auberg, besonders an den Wochenenden, vorbildlich unterst\u00fctzt.<\/p>\n<p>Seit dieser Zeit werden regelm\u00e4\u00dfig gemeinsame \u00dcbungen, Schulungen udgl durchgef\u00fchrt.<\/p>\n<p>St\u00fctzpunktleiter:<\/p>\n<p>Ernst Fischer 1982 &#8211; 1998<\/p>\n<p>Alois Schneeberger 1998 &#8211; 2008<\/p>\n<p>Michael Hazod\u00a0 2008 &#8211; 2013<\/p>\n<p>G\u00fcnter Schuster seit 2013<\/p>\n","protected":false},"excerpt":{"rendered":"<p>Strahlenme\u00df- und Sp\u00fcrst\u00fctzpunkt Oberkappel Geschichte: Im Herbst des Jahres 1976 begannen 3 Kameraden \u00fcber Anregung des damaligen Bezirksleiters des \u00d6ZSV und Bezirksgendarmeriekommandanten von Rohrbach, AI Leopold Luger, an der Zivilschutzschule (Vorgartenkaserne) des BMfI in Wien mit der Strahlenschutzausbildung, da an der Landesfeuerwehrschule in Linz, diese Ausbildung zu diesem Zeit-punkt noch nicht angeboten wurde. Im Mai [&hellip;]<\/p>\n","protected":false},"author":11,"featured_media":0,"parent":61,"menu_order":9,"comment_status":"closed","ping_status":"closed","template":"","meta":{"ngg_post_thumbnail":0,"footnotes":""},"class_list":["post-248","page","type-page","status-publish","hentry"],"_links":{"self":[{"href":"https:\/\/afk-lembach.at\/oberkappel\/wp-json\/wp\/v2\/pages\/248"}],"collection":[{"href":"https:\/\/afk-lembach.at\/oberkappel\/wp-json\/wp\/v2\/pages"}],"about":[{"href":"https:\/\/afk-lembach.at\/oberkappel\/wp-json\/wp\/v2\/types\/page"}],"author":[{"embeddable":true,"href":"https:\/\/afk-lembach.at\/oberkappel\/wp-json\/wp\/v2\/users\/11"}],"replies":[{"embeddable":true,"href":"https:\/\/afk-lembach.at\/oberkappel\/wp-json\/wp\/v2\/comments?post=248"}],"version-history":[{"count":5,"href":"https:\/\/afk-lembach.at\/oberkappel\/wp-json\/wp\/v2\/pages\/248\/revisions"}],"predecessor-version":[{"id":537,"href":"https:\/\/afk-lembach.at\/oberkappel\/wp-json\/wp\/v2\/pages\/248\/revisions\/537"}],"up":[{"embeddable":true,"href":"https:\/\/afk-lembach.at\/oberkappel\/wp-json\/wp\/v2\/pages\/61"}],"wp:attachment":[{"href":"https:\/\/afk-lembach.at\/oberkappel\/wp-json\/wp\/v2\/media?parent=248"}],"curies":[{"name":"wp","href":"https:\/\/api.w.org\/{rel}","templated":true}]}}

Strahlenschutzstützpunkt

<p style="text-align: left" align="center"><strong>Strahlenmeß- und Spürstützpunkt Oberkappel</strong></p>
<p style="text-align: left" align="center">Geschichte:</p>
<p style="text-align: left" align="center">Im Herbst des Jahres 1976 begannen 3 Kameraden über Anregung des damaligen Bezirksleiters des ÖZSV und Bezirksgendarmeriekommandanten von Rohrbach, AI Leopold Luger, an der Zivilschutzschule (Vorgartenkaserne) des BMfI in Wien mit der Strahlenschutzausbildung, da an der Landesfeuerwehrschule in Linz, diese Ausbildung zu diesem Zeit-punkt noch nicht angeboten wurde.</p>
<p>Im Mai 1977 wurde das Strahlenschutzleistungsabzeichen in Bronze erworben. Im Herbst 1979 erfolgte der Erwerb des Leistungsabzeichens in Silber In den folgenden Jahren wurden weitere Kameraden beim Bundesheer (ABC-Einheiten) und später dann auch an der Landesfeuerwehrschule im Strahlenschutz ausgebildet.</p>
<p>Im Jahre 1982 wurde dann bei der FF Oberkappel durch das OÖ Landesfeuerwehrkommando ein Strahlenmessstütz-punkt  (Landesstützpunkt) errichtet und mit Strahlenmessgeräten sowie Schutzanzüge ausgerüstet. Kurz später erfolgte durch das Bezirksfeuerwehrkommando Rohrbach die Errichtung einen Bezirksstützpunktes bei der FF Auberg.</p>
<p>Die erste große Bewährungsprobe erfolgte dann am 26.4.1986 durch den Atomreaktorunfall in Tschernobyl in Russland. Der Stützpunkt Oberkappel wurde durch das Landesfeuerkom-mando alarmiert und beim Grenzübergang Weigertschlag an der Grenze zu Tschechien eingesetzt. Der Grenzübergang war täglich 3 Wochen lang, in der Zeit von 06.00 bis 22.00 Uhr von 3 im Strahlenschutz ausgebildeten Feuerwehrkameraden zu besetzen, um den einreisenden KFZ-Verkehr auf Verstrahlung abzumessen. Außerdem wurden in Bad Leonfelden und Umgebung zahlreiche Messungen in Kinderspielplätzen udgl durchgeführt.</p>
<p>Bei diesem Einsatz wurde unser Stützpunkt von den Kameraden des Bezirksstützpunktes Auberg, besonders an den Wochenenden, vorbildlich unterstützt.</p>
<p>Seit dieser Zeit werden regelmäßig gemeinsame Übungen, Schulungen udgl durchgeführt.</p>
<p>Stützpunktleiter:</p>
<p>Ernst Fischer 1982 &#8211; 1998</p>
<p>Alois Schneeberger 1998 &#8211; 2008</p>
<p>Michael Hazod  2008 &#8211; 2013</p>
<p>Günter Schuster seit 2013</p>

<p>Strahlenmeß- und Spürstützpunkt Oberkappel Geschichte: Im Herbst des Jahres 1976 begannen 3 Kameraden über Anregung des damaligen Bezirksleiters des ÖZSV und Bezirksgendarmeriekommandanten von Rohrbach, AI Leopold Luger, an der Zivilschutzschule (Vorgartenkaserne) des BMfI in Wien mit der Strahlenschutzausbildung, da an der Landesfeuerwehrschule in Linz, diese Ausbildung zu diesem Zeit-punkt noch nicht angeboten wurde. Im Mai [&hellip;]</p>
