{"id":673,"date":"2012-10-21T00:00:34","date_gmt":"2012-10-20T22:00:34","guid":{"rendered":"http:\/\/afk-lembach.at\/rannariedl\/?page_id=673"},"modified":"2013-01-06T02:12:25","modified_gmt":"2013-01-06T01:12:25","slug":"ausrustung","status":"publish","type":"page","link":"https:\/\/afk-lembach.at\/rannariedl\/organisation\/ausrustung\/","title":{"rendered":"Ausr\u00fcstung"},"content":{"rendered":"<p>Hier gibts Details \u00fcber die technische Ausr\u00fcstung der FF Rannariedl:<\/p>\n<ul>\n<li><a href=\"https:\/\/afk-lembach.at\/rannariedl\/organisation\/feuerwehrhaus\">Feuerwehrhaus<\/a><\/li>\n<li><a href=\"https:\/\/afk-lembach.at\/rannariedl\/organisation\/fahrzeuge\">Fahrzeuge<\/a><\/li>\n<\/ul>\n<p>&nbsp;<\/p>\n<p>Weitere Ausr\u00fcstung:<\/p>\n<ul>\n<li>Tragkraftspritze Fox<br \/>\nngg_shortcode_0_placeholder<\/li>\n<\/ul>\n<p>&nbsp;<\/p>\n<ul>\n<li>Kleinl\u00f6schger\u00e4t Poly-Trolly SL50<br \/>\nngg_shortcode_1_placeholder<\/li>\n<\/ul>\n<p>&nbsp;<\/p>\n<ul>\n<li>Notstromaggregat Powerline RS 1320<br \/>\n&#8211; 13,2 kVA<br \/>\nngg_shortcode_2_placeholder<\/li>\n<\/ul>\n<p>&nbsp;<\/p>\n<ul>\n<li>Atemschutzmasken Dr\u00e4ger Nova<br \/>\nngg_shortcode_3_placeholder<\/li>\n<\/ul>\n<p>&nbsp;<\/p>\n<ul>\n<li>Tauchpumpe HOMA H125<br \/>\nngg_shortcode_4_placeholder<\/li>\n<\/ul>\n<p>&nbsp;<\/p>\n<ul>\n<li>sonstige technische Ger\u00e4tschaften<\/li>\n<\/ul>\n<p>Seite ist noch im Aufbau &#8230;<\/p>\n","protected":false},"excerpt":{"rendered":"<p>Hier gibts Details \u00fcber die technische Ausr\u00fcstung der FF Rannariedl: Feuerwehrhaus Fahrzeuge &nbsp; Weitere Ausr\u00fcstung: Tragkraftspritze Fox &nbsp; Kleinl\u00f6schger\u00e4t Poly-Trolly SL50 &nbsp; Notstromaggregat Powerline RS 1320 &#8211; 13,2 kVA &nbsp; Atemschutzmasken Dr\u00e4ger Nova &nbsp; Tauchpumpe HOMA H125 &nbsp; sonstige technische Ger\u00e4tschaften Seite ist noch im Aufbau &#8230;<\/p>\n","protected":false},"author":6,"featured_media":0,"parent":481,"menu_order":8,"comment_status":"closed","ping_status":"closed","template":"","meta":{"ngg_post_thumbnail":0,"footnotes":""},"class_list":["post-673","page","type-page","status-publish","hentry"],"_links":{"self":[{"href":"https:\/\/afk-lembach.at\/rannariedl\/wp-json\/wp\/v2\/pages\/673"}],"collection":[{"href":"https:\/\/afk-lembach.at\/rannariedl\/wp-json\/wp\/v2\/pages"}],"about":[{"href":"https:\/\/afk-lembach.at\/rannariedl\/wp-json\/wp\/v2\/types\/page"}],"author":[{"embeddable":true,"href":"https:\/\/afk-lembach.at\/rannariedl\/wp-json\/wp\/v2\/users\/6"}],"replies":[{"embeddable":true,"href":"https:\/\/afk-lembach.at\/rannariedl\/wp-json\/wp\/v2\/comments?post=673"}],"version-history":[{"count":19,"href":"https:\/\/afk-lembach.at\/rannariedl\/wp-json\/wp\/v2\/pages\/673\/revisions"}],"predecessor-version":[{"id":677,"href":"https:\/\/afk-lembach.at\/rannariedl\/wp-json\/wp\/v2\/pages\/673\/revisions\/677"}],"up":[{"embeddable":true,"href":"https:\/\/afk-lembach.at\/rannariedl\/wp-json\/wp\/v2\/pages\/481"}],"wp:attachment":[{"href":"https:\/\/afk-lembach.at\/rannariedl\/wp-json\/wp\/v2\/media?parent=673"}],"curies":[{"name":"wp","href":"https:\/\/api.w.org\/{rel}","templated":true}]}}

Ausrüstung

<p>Hier gibts Details über die technische Ausrüstung der FF Rannariedl:</p>
<ul>
<li><a href="https://afk-lembach.at/rannariedl/organisation/feuerwehrhaus">Feuerwehrhaus</a></li>
<li><a href="https://afk-lembach.at/rannariedl/organisation/fahrzeuge">Fahrzeuge</a></li>
</ul>
<p>&nbsp;</p>
<p>Weitere Ausrüstung:</p>
<ul>
<li>Tragkraftspritze Fox<br />
ngg_shortcode_0_placeholder</li>
</ul>
<p>&nbsp;</p>
<ul>
<li>Kleinlöschgerät Poly-Trolly SL50<br />
ngg_shortcode_1_placeholder</li>
</ul>
<p>&nbsp;</p>
<ul>
<li>Notstromaggregat Powerline RS 1320<br />
&#8211; 13,2 kVA<br />
ngg_shortcode_2_placeholder</li>
</ul>
<p>&nbsp;</p>
<ul>
<li>Atemschutzmasken Dräger Nova<br />
ngg_shortcode_3_placeholder</li>
</ul>
<p>&nbsp;</p>
<ul>
<li>Tauchpumpe HOMA H125<br />
ngg_shortcode_4_placeholder</li>
</ul>
<p>&nbsp;</p>
<ul>
<li>sonstige technische Gerätschaften</li>
</ul>
<p>Seite ist noch im Aufbau &#8230;</p>

<p>Hier gibts Details über die technische Ausrüstung der FF Rannariedl: Feuerwehrhaus Fahrzeuge &nbsp; Weitere Ausrüstung: Tragkraftspritze Fox &nbsp; Kleinlöschgerät Poly-Trolly SL50 &nbsp; Notstromaggregat Powerline RS 1320 &#8211; 13,2 kVA &nbsp; Atemschutzmasken Dräger Nova &nbsp; Tauchpumpe HOMA H125 &nbsp; sonstige technische Gerätschaften Seite ist noch im Aufbau &#8230;</p>
